e the prime factors of 1542?
2, 3, 257
What are the prime factors of 108899?
7, 47, 331
List the prime factors of 820.
2, 5, 41
What are the prime factors of 5911?
23, 257
What are the prime factors of 513?
3, 19
List the prime factors of 87.
3, 29
What are the prime factors of 89934?
2, 3, 13, 1153
What are the prime factors of 13170?
2, 3, 5, 439
List the prime factors of 1311.
3, 19, 23
List the prime factors of 3369.
3, 1123
List the prime factors of 73940.
2, 5, 3697
List the prime factors of 74974.
2, 19, 1973
What are the prime factors of 1302?
2, 3, 7, 31
List the prime factors of 2425.
5, 97
What are the prime factors of 374?
2, 11, 17
List the prime factors of 11622.
2, 3, 13, 149
What are the prime factors of 25298?
2, 7, 13, 139
What are the prime factors of 39478?
2, 19739
What are the prime factors of 5251?
59, 89
What are the prime factors of 80904?
2, 3, 3371
List the prime factors of 173.
173
List the prime factors of 155.
5, 31
What are the prime factors of 1119?
3, 373
What are the prime factors of 294?
2, 3, 7
What are the prime factors of 3363?
3, 19, 59
What are the prime factors of 21029?
17, 1237
List the prime factors of 632.
2, 79
What are the prime factors of 364?
2, 7, 13
What are the prime factors of 2603?
19, 137
List the prime factors of 23663.
23663
What are the prime factors of 2239?
2239
What are the prime factors of 7014?
2, 3, 7, 167
What are the prime factors of 2170?
2, 5, 7, 31
What are the prime factors of 1913?
1913
What are the prime factors of 26109?
3, 967
List the prime factors of 411.
3, 137
What are the prime factors of 39014?
2, 19507
List the prime factors of 388.
2, 97
What are the prime factors of 40608?
2, 3, 47
List the prime factors of 1520.
2, 5, 19
List the prime factors of 19952.
2, 29, 43
What are the prime factors of 346?
2, 173
What are the prime factors of 422?
2, 211
What are the prime factors of 797?
797
What are the prime factors of 10732?
2, 2683
What are the prime factors of 6737?
6737
List the prime factors of 757.
757
What are the prime factors of 603?
3, 67
What are the prime factors of 1739?
37, 47
List the prime factors of 3232.
2, 101
List the prime factors of 39515.
5, 7, 1129
What are the prime factors of 5789?
7, 827
List the prime factors of 16202.
2, 8101
What are the prime factors of 1516?
2, 379
What are the prime factors of 15629?
15629
List the prime factors of 37954.
2, 7, 2711
What are the prime factors of 3769?
3769
What are the prime factors of 43934?
2, 11, 1997
List the prime factors of 2820.
2, 3, 5, 47
What are the prime factors of 1985?
5, 397
List the prime factors of 1716.
2, 3, 11, 13
List the prime factors of 72938.
2, 36469
List the prime factors of 443.
443
List the prime factors of 16121.
7, 47
List the prime factors of 3051.
3, 113
List the prime factors of 8865.
3, 5, 197
List the prime factors of 717.
3, 239
List the prime factors of 2153.
2153
What are the prime factors of 18870?
2, 3, 5, 17, 37
What are the prime factors of 35412?
2, 3, 13, 227
What are the prime factors of 8759?
19, 461
What are the prime factors of 3569?
43, 83
What are the prime factors of 12137?
53, 229
What are the prime factors of 57242?
2, 28621
What are the prime factors of 1826?
2, 11, 83
What are the prime factors of 2356?
2, 19, 31
What are the prime factors of 56547?
3, 61, 103
What are the prime factors of 2472?
2, 3, 103
List the prime factors of 35668.
2, 37, 241
What are the prime factors of 2166?
2, 3, 19
What are the prime factors of 41994?
2, 3, 2333
What are the prime factors of 2300?
2, 5, 23
List the prime factors of 435.
3, 5, 29
List the prime factors of 5983.
31, 193
List the prime factors of 12837.
3, 11, 389
List the prime factors of 16204.
2, 4051
List the prime factors of 781.
11, 71
List the prime factors of 2079.
3, 7, 11
What are the prime factors of 1258?
2, 17, 37
What are the prime factors of 33613?
33613
What are the prime factors of 7777?
7, 11, 101
List the prime factors of 73156.
2, 18289
List the prime factors of 34743.
3, 37, 313
List the prime factors of 4823.
7, 13, 53
What are the prime factors of 2587?
13, 199
List the prime factors of 837.
3, 31
What are the prime factors of 1151?
1151
What are the prime factors of 2959?
11, 269
What are the prime factors of 103118?
2, 47, 1097
What are the prime factors of 6894?
2, 3, 383
List the prime factors of 274.
2, 137
What are the prime factors of 9721?
9721
List the prime factors of 44475.
3, 5, 593
List the prime factors of 592.
2, 37
List the prime factors of 2921.
23, 127
List the prime factors of 1432.
2, 179
What are the prime factors of 391?
17, 23
List the prime factors of 9280.
2, 5, 29
List the prime factors of 3473.
23, 151
What are the prime factors of 65436?
2, 3, 7, 19, 41
List the prime factors of 1221.
3, 11, 37
List the prime factors of 1338.
2, 3, 223
What are the prime factors of 67903?
11, 6173
List the prime factors of 3174.
2, 3, 23
List the prime factors of 663.
3, 13, 17
List the prime factors of 26.
2, 13
List the prime factors of 5998.
2, 2999
What are the prime factors of 1293?
3, 431
List the prime factors of 1256.
2, 157
What are the prime factors of 72740?
2, 5, 3637
What are the prime factors of 13656?
2, 3, 569
List the prime factors of 4900.
2, 5, 7
List the prime factors of 109423.
109423
What are the prime factors of 152?
2, 19
List the prime factors of 6033.
3, 2011
List the prime factors of 45545.
5, 9109
What are the prime factors of 6413?
11, 53
What are the prime factors of 75484?
2, 113, 167
What are the prime factors of 1157?
13, 89
What are the prime factors of 1188?
2, 3, 11
What are the prime factors of 39873?
3, 13291
List the prime factors of 4724.
2, 1181
What are the prime factors of 2048?
2
What are the prime factors of 2439?
3, 271
List the prime factors of 5182.
2, 2591
List the prime factors of 11598.
2, 3, 1933
What are the prime factors of 1391?
13, 107
List the prime factors of 5200.
2, 5, 13
What are the prime factors of 2518?
2, 1259
List the prime factors of 143719.
143719
List the prime factors of 162192.
2, 3, 31, 109
What are the prime factors of 2552?
2, 11, 29
List the prime factors of 4322.
2, 2161
List the prime factors of 6770.
2, 5, 677
List the prime factors of 58761.
3, 6529
What are the prime factors of 26255?
5, 59, 89
What are the prime factors of 6941?
11, 631
List the prime factors of 33740.
2, 5, 7, 241
What are the prime factors of 10374?
2, 3, 7, 13, 19
What are the prime factors of 1428?
2, 3, 7, 17
What are the prime factors of 1206?
2, 3, 67
List the prime factors of 24819.
3, 8273
What are the prime factors of 462?
2, 3, 7, 11
What are the prime factors of 7107?
3, 23, 103
What are the prime factors of 60592?
2, 7, 541
List the prime factors of 16117.
71, 227
What are the prime factors of 176844?
2, 3, 14737
List the prime factors of 973.
7, 139
List the prime factors of 299.
13, 23
What are the prime factors of 2245?
5, 449
List the prime factors of 18372.
2, 3, 1531
List the prime factors of 197.
197
List the prime factors of 62863.
37, 1699
What are the prime factors of 9411?
3, 3137
List the prime factors of 92143.
92143
List the prime factors of 2541.
3, 7, 11
What are the prime factors of 304?
2, 19
What are the prime factors of 6045?
3, 5, 13, 31
List the prime factors of 111715.
5, 22343
What are the prime factors of 503?
503
What are the prime factors of 84276?
2, 3, 2341
What are the prime factors of 3367?
7, 13, 37
List the prime factors of 18514.
2, 9257
List the prime factors of 18311.
18311
What are the prime factors of 44470?
2, 5, 4447
List the prime factors of 93203.
11, 37, 229
List the prime factors of 4356.
2, 3, 11
List the prime factors of 345.
3, 5, 23
What are the prime factors of 1861?
1861
What are the prime factors of 320?
2, 5
What are the prime factors of 1596?
2, 3, 7, 19
List the prime factors of 10472.
2, 7, 11, 17
List the prime factors of 921.
3, 307
List the prime factors of 13221.
3, 13, 113
What are the prime factors of 81545?
5, 47, 347
List the prime factors of 13654.
2, 6827
List the prime factors of 5284.
2, 1321
List the prime factors of 8318.
2, 4159
List the prime factors of 10159.
10159
What are the prime factors of 10859?
10859
What are the prime factors of 5